2) to base 8.
-12
-2301 (base 4) to base 11
-151
110 (base 2) to base 9
6
Convert -3 (base 13) to base 5.
-3
1021 (base 3) to base 2
100010
1123 (base 7) to base 9
504
Convert -1 (base 16) to base 8.
-1
-28 (base 16) to base 12
-34
What is -1 (base 11) in base 12?
-1
What is 1 (base 11) in base 10?
1
What is 270 (base 10) in base 11?
226
What is -242 (base 6) in base 8?
-142
-22 (base 12) to base 10
-26
205 (base 9) to base 8
247
-1 (base 14) to base 2
-1
Convert 10001 (base 2) to base 11.
16
What is -b (base 13) in base 10?
-11
12 (base 10) to base 16
c
What is -22 (base 12) in base 3?
-222
83 (base 10) to base 4
1103
2 (base 12) to base 8
2
Convert -2 (base 6) to base 16.
-2
What is -222 (base 4) in base 13?
-33
0 (base 4) to base 13
0
12101 (base 3) to base 10
145
What is -4 (base 13) in base 4?
-10
Convert 13 (base 4) to base 11.
7
6 (base 11) to base 15
6
What is -1 (base 13) in base 4?
-1
What is -43 (base 10) in base 6?
-111
Convert 1 (base 9) to base 16.
1
-1033 (base 4) to base 10
-79
What is -101001 (base 2) in base 16?
-29
Convert -6 (base 11) to base 12.
-6
What is -113 (base 7) in base 14?
-43
33 (base 4) to base 8
17
What is 3 (base 10) in base 15?
3
What is 1110000 (base 2) in base 9?
134
-2 (base 13) to base 3
-2
What is -12 (base 11) in base 4?
-31
Convert 2 (base 4) to base 2.
10
What is -1 (base 10) in base 14?
-1
What is -6 (base 8) in base 13?
-6
What is -6 (base 14) in base 16?
-6
Convert -50 (base 15) to base 10.
-75
1001 (base 4) to base 2
1000001
Convert 0 (base 15) to base 5.
0
60 (base 8) to base 3
1210
Convert -2 (base 8) to base 15.
-2
-102110 (base 3) to base 5
-2214
What is 1112 (base 3) in base 5?
131
What is 1 (base 4) in base 7?
1
What is -6 (base 15) in base 6?
-10
3 (base 15) to base 6
3
6c (base 16) to base 15
73
Convert -4 (base 7) to base 5.
-4
What is -1 (base 16) in base 10?
-1
-2 (base 3) to base 14
-2
Convert -10 (base 5) to base 15.
-5
d (base 16) to base 11
12
123 (base 5) to base 2
100110
What is 2 (base 3) in base 15?
2
What is -261 (base 8) in base 15?
-bc
-4 (base 11) to base 15
-4
-80 (base 12) to base 9
-116
Convert -120 (base 4) to base 7.
-33
-3 (base 4) to base 7
-3
Convert -1 (base 14) to base 12.
-1
36 (base 8) to base 5
110
What is -164 (base 10) in base 4?
-2210
What is -b1 (base 12) in base 14?
-97
Convert 26 (base 15) to base 10.
36
What is 23 (base 9) in base 3?
210
17 (base 15) to base 6
34
Convert 0 (base 6) to base 7.
0
Convert 200 (base 7) to base 11.
8a
What is -a (base 12) in base 9?
-11
-1 (base 2) to base 12
-1
Convert -5 (base 16) to base 11.
-5
Convert -34 (base 15) to base 8.
-61
3 (base 7) to base 3
10
Convert -66 (base 8) to base 7.
-105
What is -84 (base 9) in base 7?
-136
Convert -32 (base 5) to base 7.
-23
-a (base 11) to base 14
-a
Convert -1 (base 6) to base 5.
-1
-5 (base 16) to base 4
-11
What is 1 (base 15) in base 8?
1
-16 (base 12) to base 15
-13
-16 (base 15) to base 11
-1a
Convert -60 (base 9) to base 10.
-54
280 (base 12) to base 9
466
What is 4 (base 13) in base 3?
11
Convert -11 (base 13) to base 8.
-16
Convert 73 (base 9) to base 15.
46
Convert 26 (base 7) to base 14.
16
What is 2b (base 14) in base 12?
33
What is 10 (base 6) in base 8?
6
-2 (base 11) to base 6
-2
Convert 20 (base 5) to base 2.
1010
Convert 6 (base 15) to base 13.
6
Convert 32 (base 10) to base 2.
100000
Convert 122 (base 10) to base 11.
101
What is -9 (base 15) in base 4?
-21
What is 2 (base 13) in base 3?
2
Convert 0 (base 4) to base 13.
0
Convert -63 (base 10) to base 14.
-47
What is 3 (base 16) in base 2?
11
What is 110 (base 6) in base 10?
42
What is -139 (base 13) in base 14?
-117
-4 (base 16) to base 13
-4
What is -2 (base 11) in base 5?
-2
Convert -1102 (base 4) to base 3.
-10001
What is -4 (base 13) in base 4?
-10
1 (base 5) to base 14
1
-31 (base 12) to base 7
-52
Convert 6 (base 13) to base 3.
20
10 (base 7) to base 3
21
What is 0 (base 13) in base 15?
0
-1 (base 16) to base 14
-1
Convert -123 (base 5) to base 9.
-42
What is a (base 14) in base 9?
11
What is -13 (base 10) in base 5?
-23
Convert 3 (base 5) to base 9.
3
2b (base 14) to base 7
54
Convert -ab (base 12) to base 14.
-95
Convert 83 (base 13) to base 5.
412
Convert 25 (base 9) to base 2.
10111
-74 (base 12) to base 7
-154
What is 1 (base 9) in base 10?
1
What is 12 (base 5) in base 16?
7
-16 (base 10) to base 16
-10
303 (base 5) to base 7
141
-198 (base 13) to base 2
-100100110
Convert 11 (base 2) to base 7.
3
Convert 4 (base 9) to base 3.
11
28 (base 16) to base 14
2c
What is -15 (base 10) in base 11?
-14
21 (base 7) to base 5
30
What is -8 (base 15) in base 10?
-8
Convert 119 (base 11) to base 7.
261
Convert -20 (base 3) to base 2.
-110
4 (base 14) to base 10
4
-233 (base 5) to base 4
-1010
-212 (base 3) to base 7
-32
-89 (base 11) to base 7
-166
17 (base 15) to base 10
22
-3 (base 13) to base 12
-3
Convert 352 (base 6) to base 9.
165
f (base 16) to base 2
1111
Convert -52 (base 7) to base 15.
-27
-61 (base 7) to base 10
-43
Convert 16 (base 8) to base 4.
32
What is 73 (base 16) in base 15?
7a
What is 4 (base 9) in base 5?
4
What is 15 (base 14) in base 7?
25
Convert -1100 (base 2) to base 7.
-15
2 (base 12) to base 6
2
What is -1b (base 15) in base 13?
-20
What is -25 (base 13) in base 10?
-31
Convert -9 (base 16) to base 7.
-12
What is 3 (base 7) in base 15?
3
Convert 8 (base 12) to base 13.
8
What is -2313 (base 4) in base 5?
-1213
Convert 11 (base 10) to base 8.
13
What is -2010 (base 4) in base 2?
-10000100
Convert 16 (base 8) to base 3.
112
0 (base 16) to base 5
0
0 (base 13) to base 12
0
1 (base 7) to base 2
1
Convert 9 (base 11) to base 6.
13
-205 (base 8) to base 13
-a3
2 (base 16) to base 2
10
What is 10 (base 11) in base 9?
12
What is 0 (base 2) in base 16?
0
Convert -30 (base 6) to base 8.
-22
What is 21 (base 13) in base 11?
25
Convert 1 (base 8) to base 12.
1
-1 (base 9) to base 4
-1
What is 1 (base 16) in base 6?
1
Convert -1 (base 5) to base 14.
-1
What is -1 (base 4) in base 9?
-1
Convert 111 (base 2) to base 14.
7
-8 (base 13) to base 10
-8
What is 48 (base 11) in base 15?
37
Convert 4 (base 11) to base 8.
4
16 (base 7) to base 4
31
What is 374 (base 8) in base 3?
100100
Convert 1000 (base 3) to base 5.
102
What is -2 (base 10) in base 2?
-10
-215 (base 11) to base 16
-102
What is 73 (base 9) in base 5?
231
What is -7 (base 15) in base 3?
-21
What is 9 (base 10) in base 2?
1001
Convert -1 (base 5) to base 11.
-1
-29 (base 13) to base 6
-55
Convert 11 (base 8) to base 5.
14
What is -3 (base 8) in base 9?
-3
6 (base 11) to base 16
6
What is -2 (base 9) in base 16?
-2
What is 11 (base 11) in base 5?
22
Convert -8 (base 15) to base 13.
-8
64 (base 7) to base 12
3a
131 (base 7) to base 8
107
What is -113 (base 5) in base 13?
-27
-118 (base 9) to base 11
-8a
15 (base 6) to base 4
23
14 (base 8) to base 13
c
-13 (base 14) to base 7
-23
Convert -1b (base 13) to base 8.
-30
-2 (base 13) to base 7
-2
What is -26 (base 7) in base 16?
-14
-133 (base 5) to base 9
-47
2 (base 14) to base 11
2
What is -48 (base 12) in base 13?
-44
What is -3 (base 4) in base 8?
-3
What is 1222 (base 3) in base 8?
65
22 (base 5) to base 14
c
4 (base 6) to base 11
4
-28 (base 9) to base 11
-24
-7 (base 14) to base 13
-7
Convert -65 (base 8) to base 4.
-311
1b (base 16) to base 12
23
110 (base 2) to base 7
6
3 (base 6) to base 11
3
Convert -3230 (base 4) to base 12.
-178
Convert -5 (base 7) to base 15.
-5
Convert -50 (base 6) to base 13.
-24
-15 (base 7) to base 5
-22
Convert -18 (base 10) to base 7.
-24
What is 0 (base 3) in base 13?
0
What is 33 (base 5) in base 15?
13
What is 1 (base 8) in base 10?
1
Convert 48 (base 9) to base 12.
38
Convert -133 (base 7) to base 13.
-58
101 (base 2) to base 16
5
Convert -17 (base 8) to base 2.
-1111
-11 (base 6) to base 8
-7
Convert 5 (base 13) to base 12.
5
Convert 54 (base 6) to base 5.
114
What is -7 (base 8) in base 16?
-7
Convert 14 (base 12) to base 13.
13
1101 (base 5) to base 16
97
What is 111 (base 2) in base 15?
7
Convert 342 (base 5) to base 3.
10121
Convert 0 (base 3) to base 13.
0
-2b (base 15) to base 16
-29
Convert 2 (base 13) to base 11.
2
-34 (base 6) to base 9
-24
What is 122 (base 7) in base 11?
5a
0 (base 7) to base 10
0
What is 34 (base 9) in base 14?
23
42 (base 11) to